ime factors of r?
2
Let z(a) = a + 4. List the prime factors of z(2).
2, 3
What are the prime factors of -50*((-1)/2)/1?
5
What are the prime factors of 1/((12/100)/3)?
5
Let s(g) = g**2 + 5*g - 15. What are the prime factors of s(-8)?
3
Let p(b) = b. Suppose -20 = -6*f + 2*f. List the prime factors of p(f).
5
Suppose 25*o = 161 + 564. List the prime factors of o.
29
Let s = 22 + -14. What are the prime factors of s?
2
Let q = -67 + 165. What are the prime factors of q?
2, 7
Let s(d) = -d**2 + 13*d - 6. What are the prime factors of s(8)?
2, 17
Suppose -21 - 15 = -4*r. Let w(p) = p + 11. Let f be w(-5). Let k = f + r. List the prime factors of k.
3, 5
Let n(t) = -t**2 - 10*t - 3. Let h be n(-4). Let v be (-8)/(-4) - h/1. Let b = -12 - v. List the prime factors of b.
7
What are the prime factors of -6 + (-4)/(-12)*1191?
17, 23
Let n(d) = -2*d + 1. Let a be n(2). Let k be 1*6*(-2)/a. List the prime factors of 9/6*3*k.
2, 3
Let i = -4 - -4. Suppose t + 3*h + 25 = i, 7*t = 3*t - 4*h - 60. What are the prime factors of 3*-2*t/12?
5
Suppose -2*v - 3*v + 15 = 0. Let u(a) = 3*a + 0 - 3*a**2 + 4*a**2 + v. List the prime factors of u(-4).
7
Suppose -2*k + 3*f = 88, 5*k - 3*f = -2*f - 246. Let j = 83 + k. What are the prime factors of j?
3, 11
What are the prime factors of 29416/120 + (-2)/15?
5, 7
Suppose 3*f + 33 = 3*r, -2*r - 2*r = 12. Let y = -35 + 30. List the prime factors of (y/2)/5*f.
7
Let b = -76 + 124. Suppose -v - v = -b. What are the prime factors of v?
2, 3
Suppose 0 = -j + 5 - 2. Suppose j*y = -2*y + 85. Suppose 47 - y = 3*x. What are the prime factors of x?
2, 5
Let r(u) = 3*u**2 + 4*u - 4. Let f be r(-4). Let d = f + -20. List the prime factors of d.
2
Let c(v) = v**3 + 9*v**2 + 9*v + 1. List the prime factors of c(-3).
2, 7
Let u be (-4)/14 - (-32)/14. Let g(p) = 5*p + 5*p**2 - 6 + 2 + u*p - p**3. List the prime factors of g(6).
2
List the prime factors of 23 + (-5)/((-20)/16).
3
Let y(i) = i**3 - 2*i**2 - 4*i + 1. Let x be y(3). Let t = 0 - x. List the prime factors of t.
2
Let j(b) = -6*b**2 - b + 30. What are the prime factors of j(0)?
2, 3, 5
Let g = -3 + 21. Let q be 48/g - (-1)/3. Suppose -12 = l + q*l, -l = 2*r - 31. List the prime factors of r.
17
Let h = 7 + -14. Let m(j) = j**2 + 5*j + 3. What are the prime factors of m(h)?
17
Let v(q) = -5*q - 12. List the prime factors of v(-6).
2, 3
Suppose 0 = -29*q + 35*q - 234. What are the prime factors of q?
3, 13
Suppose 0 = 4*p + 2*u + 18, 15 = -4*p - 3*u. Let v be (6/4)/(3/p). List the prime factors of 3/2*(-14)/v.
7
Let s(u) = -3*u - 13. Let v be s(-9). Suppose 5*q - d = d - v, 5*d - 18 = 4*q. List the prime factors of 10 - (q + (2 - 0)).
2, 5
Let p(z) = 20*z**2 - z. Let i be p(2). Suppose h + h + i = 4*s, -2*h + 2 = 0. What are the prime factors of s?
2, 5
Suppose -r = -15 - 66. List the prime factors of r.
3
Let b(i) be the first derivative of 2*i**3/3 + 3*i**2 - 5*i + 1. Let w be (0 + 4)/2 + (-21)/3. What are the prime factors of b(w)?
3, 5
Let i = 2 - -2. List the prime factors of i.
2
Let r = 10 + -8. Suppose 4*a + 0*a + 11 = -3*j, -3*a + 13 = -r*j. Suppose -a - 5 = -g. What are the prime factors of g?
2, 3
Suppose 16 = c + 5*z, -7*c + 3*c + 106 = -z. Let k = 38 - c. What are the prime factors of k?
2, 3
Suppose 0 = -3*v - v + 84. Suppose 0 = 4*r - o + 3*o - 28, -2*r - 2 = -3*o. Suppose r*u - 55 = -4*x - x, 3*x - u - v = 0. List the prime factors of x.
2
Suppose r - 6 = -2*s, -3*s - 7 = -3*r + 2*s. Suppose 3*m + 2*m + 3*j - 80 = 0, -16 = -m + r*j. List the prime factors of m.
2
List the prime factors of (-2*(-295)/(-6))/((-1)/3).
5, 59
Let o be 3 + (-1 + 2)*-1. Suppose o*j + 4*h + 15 = 3*j, 4*h + 69 = 3*j. List the prime factors of j.
3
Let n(l) = -l**3 - 3*l**2 - 4*l - 3. Let m be n(-2). List the prime factors of m/(2*(-1)/(-46)).
23
Let s = -18 - -32. Let b = s + -1. Let a = 21 - b. What are the prime factors of a?
2
Let u = 5 - 2. Suppose u*j = 4 + 2. List the prime factors of j.
2
Let h = 215 - 122. What are the prime factors of h?
3, 31
Let t(y) = -y + 5. Let j be t(3). Suppose -j = -o + 3. What are the prime factors of o?
5
Let m(p) = -26*p**3 - p. What are the prime factors of m(-1)?
3
Suppose 147 + 63 = 5*a. What are the prime factors of a?
2, 3, 7
Suppose 3*d + 10 = 6*d + m, 4*m = 2*d - 2. Suppose 5*k + 12 = 2, -k - 107 = -d*h. Suppose 0 = -2*q - 11 + h. List the prime factors of q.
2, 3
Let c(r) = r**2 - 6*r + 9. Let h be c(6). Let a = h - 28. Let q = a - -31. List the prime factors of q.
2, 3
Let u(l) = -4*l**3 - l**2 + 1. Let f = 3 - 4. Let a be u(f). Suppose a*t - 10 = 2*t. What are the prime factors of t?
5
Let w = -7 - -19. Let r = -5 + w. List the prime factors of r.
7
Let p(v) be the third derivative of -2*v**2 + 0*v + 0 + 1/120*v**6 - 1/12*v**4 + 1/6*v**3 + 1/20*v**5. List the prime factors of p(-3).
7
Suppose -51 - 394 = -2*h + 3*o, -h - 2*o + 233 = 0. What are the prime factors of h?
227
Suppose 0 = -g + 2*g - 16. Suppose 13 = m - g. List the prime factors of m.
29
Let g = 26 - 18. List the prime factors of g.
2
Let w = 2 + 4. Suppose 0*m - w = 3*m. Let h = m - -5. What are the prime factors of h?
3
What are the prime factors of -1 - (-21)/15 - (-4164)/15?
2, 139
Let j(n) = -7*n**3 + n**2 - n. List the prime factors of j(-2).
2, 31
Let b(m) = -m**3 + 7*m**2 - 7*m + 8. Let r be b(6). Let h(u) = r*u + 3*u**2 - u - 2*u**2 - 2*u. List the prime factors of h(-2).
2, 3
Suppose 0 = 4*c - 4*r - 652, -3*r - r = 4. List the prime factors of c.
2, 3
Suppose 4*b = -4*l + 28, -2*b - 3*l + 13 = -5. Let f(t) = t**b - 3 + 0 + 1 + 3*t**2 - 4*t. List the prime factors of f(-3).
2, 5
Let m(l) = l + 10. Let w be m(7). Suppose 0 = -j + 2*g + w, -j - j - 4*g + 2 = 0. List the prime factors of j.
3
Suppose -2*s = -0*s. Suppose s*q - 3*q + 42 = 0. List the prime factors of q.
2, 7
Let y(s) = 0 + 2*s + 1 + 1 + 0*s. List the prime factors of y(3).
2
Let y be 0 - (-2 + 3) - 3. Let l(t) = -t**3 - 2*t**2 + 4*t - 3. What are the prime factors of l(y)?
13
Let m = 295 - 181. List the prime factors of m.
2, 3, 19
Suppose 234 = 5*c - 81. What are the prime factors of (-4)/(-18) + 1120/c?
2, 3
Let w = -7 - -3. Let t(x) = x + 4. Let p be t(w). What are the prime factors of p + 2 + -1 + 4?
5
Let y be ((-21)/4)/((-5)/20). What are the prime factors of (-6)/y + 191/7?
3
Let n = -145 + 210. Let l be n/(-20) + (-1)/(-4). What are the prime factors of l + (-18)/(-2)*2?
3, 5
Let g be 2/(1/(3 + 1)). Suppose -g = -0*r - 2*r + 5*w, -3*r - 5*w = -12. Suppose -2*k - 4*z = -12, -r*k - 3*z = z - 44. List the prime factors of k.
2
Suppose -2*h - b = -215, -207 = -3*h + b + 103. Suppose -h = -5*q - 0*q. What are the prime factors of q?
3, 7
Let z(t) be the first derivative of 3*t**2 - 5. Suppose 2*f + 3*f = o - 21, -4*f - 16 = 0. What are the prime factors of z(o)?
2, 3
Suppose -3*h + 4 = p + 7, 2*p = -5*h - 4. Let k(x) = -11*x - 2. Let c be k(h). Let i = c - 12. List the prime factors of i.
2
Suppose -a = 2*q - 133, -a + 3*q = 7*q - 137. What are the prime factors of a?
3, 43
List the prime factors of 133/1 + (12 - 10).
3, 5
Let j be (-4)/14 - (-66)/(-14). Let d be (-1)/(1 - (-6)/j). Suppose 52 = 4*v - w, 5*w + 10 = -d*v + 50. What are the prime factors of v?
2, 3
Suppose 0 = -5*n - 10, 3*n = -0*l - 2*l - 6. Suppose f + 2*j - 9 = l, -5*f - 2*j + 22 + 7 = 0. List the prime factors of f.
5
Suppose 0 = 5*n + 4*j - 142, -2*n = -0*n + j - 58. Let m(g) = -20*g + 1. Let u be m(1). Let b = u + n. List the prime factors of b.
11
List the prime factors of (0 - (-6 + -3))*1.
3
Let m(b) = b**2 + 8*b - 6. Let f be m(-9). Suppose 5*y = -2*z + 50, f*y - 2*z + 3*z - 29 = 0. List the prime factors of y.
2
Let p(x) = 7*x**3 + 2*x**2 - 6. Let j(v) = 8*v**3 + 3*v**2 - 7. Let t(z) = -6*j(z) + 7*p(z). Let w be t(4). Suppose w*f = -f + 14. List the prime factors of f.
2, 7
Let r(d) = d**3 + 3*d**2 + d + 1. Let x be r(-2). Suppose -24 = -3*y - x*o, -5*o = -0*y + 4*y - 37. Suppose 1 = y*g - 11. List the prime factors of g.
2
Let u be 6/(-5)*20/(-6). Suppose 5*q - 118 - 16 = -u*t, 0 = -3*q - 4*t + 74. Suppose y = -y + q. What are the prime factors of y?
3, 5
Let h = 1 - -1. Let b(m) = 4 + m**h - 11*m - 4*m**2 + m**2 + m**2. List the prime factors of b(-11).
2
Let q(x) be the second derivative of x**4/12 + 3*x**3/2 + 5*x**2 + 3*